{"id":45,"date":"2020-12-03T16:07:17","date_gmt":"2020-12-03T15:07:17","guid":{"rendered":"http:\/\/www.tandlaegeiskaevinge.dk\/?page_id=45"},"modified":"2020-12-06T09:09:42","modified_gmt":"2020-12-06T08:09:42","slug":"diverse","status":"publish","type":"page","link":"https:\/\/www.tandlaegeiskaevinge.dk\/index.php\/diverse\/","title":{"rendered":"Diverse"},"content":{"rendered":"\n<p>Ved behov for behandling uden for klinikkens \u00e5bnings tider henviser vi til:<\/p>\n\n\n\n<p>Tandl\u00e6gevagten p\u00e5 Byskolen<br>Carlsbergvej 13<br>3400\u00a0 Hiller\u00f8d<br>Tlf.: 7025 0041<\/p>\n\n\n\n<p><strong>\u00c5bningstider:<\/strong><br>Aften kl. 18.00 &#8211; 20.00.<br>Weekend og helligedage kl. 10.00 \u2013 12.00.<\/p>\n","protected":false},"excerpt":{"rendered":"<p>Ved behov for behandling uden for klinikkens \u00e5bnings tider henviser vi til: Tandl\u00e6gevagten p\u00e5 ByskolenCarlsbergvej 133400\u00a0 Hiller\u00f8dTlf.: 7025 0041 \u00c5bningstider:Aften kl. 18.00 &#8211; 20.00.Weekend og helligedage kl. 10.00 \u2013 12.00.<\/p>\n","protected":false},"author":1,"featured_media":0,"parent":0,"menu_order":0,"comment_status":"closed","ping_status":"closed","template":"","meta":{"footnotes":""},"class_list":["post-45","page","type-page","status-publish","hentry"],"_links":{"self":[{"href":"https:\/\/www.tandlaegeiskaevinge.dk\/index.php\/wp-json\/wp\/v2\/pages\/45","targetHints":{"allow":["GET"]}}],"collection":[{"href":"https:\/\/www.tandlaegeiskaevinge.dk\/index.php\/wp-json\/wp\/v2\/pages"}],"about":[{"href":"https:\/\/www.tandlaegeiskaevinge.dk\/index.php\/wp-json\/wp\/v2\/types\/page"}],"author":[{"embeddable":true,"href":"https:\/\/www.tandlaegeiskaevinge.dk\/index.php\/wp-json\/wp\/v2\/users\/1"}],"replies":[{"embeddable":true,"href":"https:\/\/www.tandlaegeiskaevinge.dk\/index.php\/wp-json\/wp\/v2\/comments?post=45"}],"version-history":[{"count":3,"href":"https:\/\/www.tandlaegeiskaevinge.dk\/index.php\/wp-json\/wp\/v2\/pages\/45\/revisions"}],"predecessor-version":[{"id":80,"href":"https:\/\/www.tandlaegeiskaevinge.dk\/index.php\/wp-json\/wp\/v2\/pages\/45\/revisions\/80"}],"wp:attachment":[{"href":"https:\/\/www.tandlaegeiskaevinge.dk\/index.php\/wp-json\/wp\/v2\/media?parent=45"}],"curies":[{"name":"wp","href":"https:\/\/api.w.org\/{rel}","templated":true}]}}