{"id":11,"date":"2020-11-29T14:35:34","date_gmt":"2020-11-29T13:35:34","guid":{"rendered":"http:\/\/www.tandlaegeiskaevinge.dk\/?page_id=11"},"modified":"2023-03-30T16:01:36","modified_gmt":"2023-03-30T14:01:36","slug":"forside","status":"publish","type":"page","link":"https:\/\/www.tandlaegeiskaevinge.dk\/","title":{"rendered":"Velkommen"},"content":{"rendered":"\n<figure class=\"wp-block-gallery aligncenter has-nested-images columns-default is-cropped wp-block-gallery-1 is-layout-flex wp-block-gallery-is-layout-flex\">\n<figure class=\"wp-block-image size-large\"><img loading=\"lazy\" decoding=\"async\" width=\"356\" height=\"431\" data-id=\"61\" src=\"https:\/\/www.tandlaegeiskaevinge.dk\/wp-content\/uploads\/2020\/12\/img4.jpg\" alt=\"\" class=\"wp-image-61\" srcset=\"https:\/\/www.tandlaegeiskaevinge.dk\/wp-content\/uploads\/2020\/12\/img4.jpg 356w, https:\/\/www.tandlaegeiskaevinge.dk\/wp-content\/uploads\/2020\/12\/img4-248x300.jpg 248w\" sizes=\"(max-width: 356px) 100vw, 356px\" \/><figcaption class=\"wp-element-caption\">Tandl\u00e6ge<br>Karin N\u00f8ddeg\u00e5rd Hansen<\/figcaption><\/figure>\n\n\n\n<figure class=\"wp-block-image size-large\"><img loading=\"lazy\" decoding=\"async\" width=\"210\" height=\"259\" data-id=\"62\" src=\"https:\/\/www.tandlaegeiskaevinge.dk\/wp-content\/uploads\/2020\/12\/IMG_0703.jpg\" alt=\"\" class=\"wp-image-62\"\/><figcaption class=\"wp-element-caption\">Klinikassistent<br>Liv Andersen<\/figcaption><\/figure>\n<\/figure>\n\n\n\n<p>Vi arbejder her p\u00e5 tandl\u00e6ge klinikken, Vi udf\u00f8rer en god service i en rolig atmosf\u00e6re og tilbyder kvalitetsbehandlinger, efter kundens \u00f8nsker. For os g\u00e6lder det om at bevare sunde og velfungerende t\u00e6nder hele livet. Klinikken blev ISO 9001 certificeret i 2010.<br><br>Tandl\u00e6geklinikken er beliggende:<br>Hovedgaden 15A, Sk\u00e6vinge<br>Tlf.: 4828 9037 CVR 1702 2008<br><br>V\u00e6r opm\u00e6rksom p\u00e5 ikke at komme p\u00e5 klinikken, ved mistanke om symptomer p\u00e5 corona.<br><br>Tidsbestilling: <a rel=\"noreferrer noopener\" href=\"https:\/\/www.aldentesoftware.dk\/Account\/Logon\/4433-booking\" target=\"_blank\">Onlinebooking<\/a><br><br>Telefontid mellem kl. 8.15 og kl. 14.00.<br>Klinikken tilbyder, efter aftale, konsultation v. Karin&nbsp;N\u00f8ddegaard&nbsp;Hansen Mellem kl. 7.30 og kl. 18.00.<br>Konsultation kan ogs\u00e5 bestilles pr. mail: <a href=\"mailto:Klinik@pc.dk\">klinik@pc.dk<\/a><\/p>\n\n\n\n<div class=\"wp-block-group\"><div class=\"wp-block-group__inner-container is-layout-flow wp-block-group-is-layout-flow\">\n<figure class=\"wp-block-gallery aligncenter has-nested-images columns-2 is-cropped wp-block-gallery-2 is-layout-flex wp-block-gallery-is-layout-flex\">\n<figure class=\"wp-block-image size-large\"><img loading=\"lazy\" decoding=\"async\" width=\"191\" height=\"147\" src=\"https:\/\/www.tandlaegeiskaevinge.dk\/wp-content\/uploads\/2020\/12\/klinik1.jpg\" alt=\"\" class=\"wp-image-58\"\/><\/figure>\n\n\n\n<figure class=\"wp-block-image size-large\"><img loading=\"lazy\" decoding=\"async\" width=\"181\" height=\"141\" src=\"https:\/\/www.tandlaegeiskaevinge.dk\/wp-content\/uploads\/2020\/12\/klinik2-1.jpg\" alt=\"\" class=\"wp-image-59\"\/><\/figure>\n\n\n\n<figure class=\"wp-block-image size-large\"><a href=\"http:\/\/www.tandlaegeiskaevinge.dk\/wp-content\/uploads\/2023\/03\/Tilsynsrapport-21-2-23.pdf\" target=\"_blank\" rel=\"noreferrer noopener\"><img loading=\"lazy\" decoding=\"async\" width=\"727\" height=\"1024\" src=\"https:\/\/www.tandlaegeiskaevinge.dk\/wp-content\/uploads\/2023\/03\/Tilsynsrapport-21-2-23._Side_01-727x1024.png\" alt=\"\" class=\"wp-image-121\" srcset=\"https:\/\/www.tandlaegeiskaevinge.dk\/wp-content\/uploads\/2023\/03\/Tilsynsrapport-21-2-23._Side_01-727x1024.png 727w, https:\/\/www.tandlaegeiskaevinge.dk\/wp-content\/uploads\/2023\/03\/Tilsynsrapport-21-2-23._Side_01-213x300.png 213w, https:\/\/www.tandlaegeiskaevinge.dk\/wp-content\/uploads\/2023\/03\/Tilsynsrapport-21-2-23._Side_01-768x1081.png 768w, https:\/\/www.tandlaegeiskaevinge.dk\/wp-content\/uploads\/2023\/03\/Tilsynsrapport-21-2-23._Side_01-1091x1536.png 1091w, https:\/\/www.tandlaegeiskaevinge.dk\/wp-content\/uploads\/2023\/03\/Tilsynsrapport-21-2-23._Side_01-1455x2048.png 1455w, https:\/\/www.tandlaegeiskaevinge.dk\/wp-content\/uploads\/2023\/03\/Tilsynsrapport-21-2-23._Side_01-1200x1689.png 1200w, https:\/\/www.tandlaegeiskaevinge.dk\/wp-content\/uploads\/2023\/03\/Tilsynsrapport-21-2-23._Side_01.png 1819w\" sizes=\"(max-width: 727px) 100vw, 727px\" \/><\/a><\/figure>\n<\/figure>\n<\/div><\/div>\n\n\n\n<p><\/p>\n","protected":false},"excerpt":{"rendered":"<p>Vi arbejder her p\u00e5 tandl\u00e6ge klinikken, Vi udf\u00f8rer en god service i en rolig atmosf\u00e6re og tilbyder kvalitetsbehandlinger, efter kundens \u00f8nsker. For os g\u00e6lder det om at bevare sunde og velfungerende t\u00e6nder hele livet. Klinikken blev ISO 9001 certificeret i 2010. Tandl\u00e6geklinikken er beliggende:Hovedgaden 15A, Sk\u00e6vingeTlf.: 4828 9037 CVR 1702 2008 V\u00e6r opm\u00e6rksom p\u00e5 ikke&hellip;<\/p>\n","protected":false},"author":1,"featured_media":0,"parent":0,"menu_order":0,"comment_status":"closed","ping_status":"closed","template":"","meta":{"footnotes":""},"class_list":["post-11","page","type-page","status-publish","hentry"],"_links":{"self":[{"href":"https:\/\/www.tandlaegeiskaevinge.dk\/index.php\/wp-json\/wp\/v2\/pages\/11","targetHints":{"allow":["GET"]}}],"collection":[{"href":"https:\/\/www.tandlaegeiskaevinge.dk\/index.php\/wp-json\/wp\/v2\/pages"}],"about":[{"href":"https:\/\/www.tandlaegeiskaevinge.dk\/index.php\/wp-json\/wp\/v2\/types\/page"}],"author":[{"embeddable":true,"href":"https:\/\/www.tandlaegeiskaevinge.dk\/index.php\/wp-json\/wp\/v2\/users\/1"}],"replies":[{"embeddable":true,"href":"https:\/\/www.tandlaegeiskaevinge.dk\/index.php\/wp-json\/wp\/v2\/comments?post=11"}],"version-history":[{"count":19,"href":"https:\/\/www.tandlaegeiskaevinge.dk\/index.php\/wp-json\/wp\/v2\/pages\/11\/revisions"}],"predecessor-version":[{"id":126,"href":"https:\/\/www.tandlaegeiskaevinge.dk\/index.php\/wp-json\/wp\/v2\/pages\/11\/revisions\/126"}],"wp:attachment":[{"href":"https:\/\/www.tandlaegeiskaevinge.dk\/index.php\/wp-json\/wp\/v2\/media?parent=11"}],"curies":[{"name":"wp","href":"https:\/\/api.w.org\/{rel}","templated":true}]}}